{"id":86,"date":"2018-04-05T15:10:37","date_gmt":"2018-04-05T13:10:37","guid":{"rendered":"http:\/\/www.naturfreunde-muenchen-ost.de\/wordpress\/?page_id=86"},"modified":"2023-04-07T16:38:21","modified_gmt":"2023-04-07T14:38:21","slug":"kontakt","status":"publish","type":"page","link":"https:\/\/www.naturfreunde-muenchen-ost.de\/wordpress\/kontakt\/","title":{"rendered":"Kontakt"},"content":{"rendered":"<table border=\"1\" cellspacing=\"2\" cellpadding=\"2\">\n<tbody>\n<tr>\n<td>Pers\u00f6nlich<\/td>\n<td>Besucht uns bei unserem Vereinsabend,<br \/>\ni<strong>mmer am ersten Donnerstag im Monat<\/strong>,<br \/>\n(<strong>Achtung<\/strong>: nicht an Feiertagen)<br \/>\nin der Gastst\u00e4tte Pallas Athene am Eissportzentrum M\u00fcnchen Ost, Staudingerstr. 17<\/td>\n<\/tr>\n<tr>\n<td>Schriftlich<\/td>\n<td>NaturFreunde Ortsgruppe M\u00fcnchen-Ost e.V.<br \/>\nc\/o Andreas Witzl<br \/>\nBahnstr. 14<br \/>\n81827 M\u00fcnchen<\/td>\n<\/tr>\n<tr>\n<td>E-Mail<\/td>\n<td><a href=\"mailto:vorstand@naturfreunde-muenchen-ost.de\">vorstand[at]naturfreunde-muenchen-ost.de<\/a><\/td>\n<\/tr>\n<\/tbody>\n<\/table>\n","protected":false},"excerpt":{"rendered":"<p>Pers\u00f6nlich Besucht uns bei unserem Vereinsabend, immer am ersten Donnerstag im Monat, (Achtung: nicht an Feiertagen) in der Gastst\u00e4tte Pallas Athene am Eissportzentrum M\u00fcnchen Ost, Staudingerstr. 17 Schriftlich NaturFreunde Ortsgruppe M\u00fcnchen-Ost e.V. c\/o Andreas Witzl Bahnstr. 14 81827 M\u00fcnchen E-Mail &hellip; <a href=\"https:\/\/www.naturfreunde-muenchen-ost.de\/wordpress\/kontakt\/\">Weiterlesen <span class=\"meta-nav\">&rarr;<\/span><\/a><\/p>\n","protected":false},"author":1,"featured_media":0,"parent":0,"menu_order":0,"comment_status":"closed","ping_status":"closed","template":"","meta":{"footnotes":""},"class_list":["post-86","page","type-page","status-publish","hentry"],"_links":{"self":[{"href":"https:\/\/www.naturfreunde-muenchen-ost.de\/wordpress\/wp-json\/wp\/v2\/pages\/86","targetHints":{"allow":["GET"]}}],"collection":[{"href":"https:\/\/www.naturfreunde-muenchen-ost.de\/wordpress\/wp-json\/wp\/v2\/pages"}],"about":[{"href":"https:\/\/www.naturfreunde-muenchen-ost.de\/wordpress\/wp-json\/wp\/v2\/types\/page"}],"author":[{"embeddable":true,"href":"https:\/\/www.naturfreunde-muenchen-ost.de\/wordpress\/wp-json\/wp\/v2\/users\/1"}],"replies":[{"embeddable":true,"href":"https:\/\/www.naturfreunde-muenchen-ost.de\/wordpress\/wp-json\/wp\/v2\/comments?post=86"}],"version-history":[{"count":4,"href":"https:\/\/www.naturfreunde-muenchen-ost.de\/wordpress\/wp-json\/wp\/v2\/pages\/86\/revisions"}],"predecessor-version":[{"id":411,"href":"https:\/\/www.naturfreunde-muenchen-ost.de\/wordpress\/wp-json\/wp\/v2\/pages\/86\/revisions\/411"}],"wp:attachment":[{"href":"https:\/\/www.naturfreunde-muenchen-ost.de\/wordpress\/wp-json\/wp\/v2\/media?parent=86"}],"curies":[{"name":"wp","href":"https:\/\/api.w.org\/{rel}","templated":true}]}}